 - 4. Let r be h(4). Suppose -203 + 59 = -r*t. What is the tens digit of t?
3
Let g(z) = -z**2. Let q be g(2). Let w = 14 + q. What is the units digit of w?
0
Let r be 1/(23/(-11) + 2). Let p = -3 - r. What is the units digit of (-2)/p - (-154)/8?
9
Let v(d) be the second derivative of d**3/6 + d**2 - 2*d. Let r be v(-2). Suppose -14 = -2*a - r. What is the units digit of a?
7
Suppose -2*v + 90 = v. What is the tens digit of v?
3
Let c be (-403)/(-9) - (-8)/36. Let t = 68 - c. What is the units digit of t?
3
What is the tens digit of 2943/36 + 9/(-12) + 1?
8
Suppose -y + 19 = -3*y + 3*u, 5*u = -3*y + 19. Let j be (6/8)/(y/(-8)). Suppose 2*s + 2*c = s - j, -s - 3*c - 6 = 0. What is the units digit of s?
3
Suppose -r + 4*v + 0*v - 3 = 0, -2*r + 3*v = -4. Let o(h) = -h**3 + r*h + 3 + 4*h**2 + 0 - 6*h. What is the units digit of o(3)?
9
Suppose -2*v - r = -51, -2*v + 56 = -3*r + 5*r. Suppose 26 = 4*b - 6*b. Let p = b + v. What is the units digit of p?
0
Let d = -2 + 4. What is the units digit of 18/21*14/d?
6
Let p(n) = -3*n**3 + n**2 + n. Let g(b) = -b**3 + 3*b**2 - 3*b + 1. Let w be g(2). Let h be p(w). What is the units digit of (-1)/h*(-30 + -3)?
1
Suppose -3*s + 6*s = 3*w - 21, -5*s - 10 = 0. Suppose w*u = -4*n + 88, -3*u = -n - 2*u + 31. What is the tens digit of n?
2
Let j = 2 - 0. What is the units digit of ((-1)/j)/(2/(-36))?
9
Let j(x) = -x + 10. Let a be j(10). Suppose a = -h - 1 + 2. Suppose 0 = -v + 2*v - h. What is the units digit of v?
1
Let c(b) = b**3 - b**2 - b - 1. Let o be (-5)/(-2)*2/1. Let z = o + -3. What is the units digit of c(z)?
1
What is the tens digit of (38/(-2))/(-6 + (-82)/(-14))?
3
Suppose 0 = -5*q - 0*q - 4*w - 4, 0 = -5*q + w - 24. Let h be 14/4 - (-2)/q. Suppose h*l - 9 = 6. What is the units digit of l?
5
What is the tens digit of (-32)/(-5)*(-5)/(-1)?
3
What is the tens digit of ((-16)/(-3))/(1/72) - -1?
8
Let l(y) = y**2 - 12*y + 9. What is the units digit of l(12)?
9
Suppose -5*q + 4*p = -38, 0 = 5*q - p + 5*p - 62. Let w = -7 + q. Suppose -w = 2*t - 3*t. What is the units digit of t?
3
Suppose 4*t + 5*m = 309, 0*t - 3*m = 5*t - 370. What is the tens digit of t?
7
Let y(n) = 4 - 3 + 0*n - n. What is the units digit of y(0)?
1
Let t(m) be the third derivative of -m**6/120 + m**5/10 - 5*m**4/24 + 7*m**3/6 + 3*m**2. What is the units digit of t(5)?
7
What is the units digit of (-99)/3*(-4)/12?
1
Let o(i) = 6*i + 60. Let m(q) = q + 12. Let b(g) = 11*m(g) - 2*o(g). What is the units digit of b(-9)?
1
Let m = 37 - 18. What is the tens digit of m?
1
Let j(s) = 88*s**2 - 9*s + 2. What is the units digit of j(2)?
6
Let b(x) = -4*x + 1. What is the units digit of b(-2)?
9
Let h(m) = -8*m + 1. Let p(y) = y**2 - 4*y. Let b be p(4). Let n(w) = w**2 - w - 1. Let a be n(b). What is the units digit of h(a)?
9
Let o = -1 + 5. Suppose -5*f - 48 - 34 = -o*g, 4*g + 5*f = 62. Suppose -2*s + 52 = 2*s + 4*h, s - g = -2*h. What is the units digit of s?
8
Suppose 5*r = -0*r + 20. Let v(k) = -k - 1. Let y(d) = -1. Let a(g) = v(g) - 6*y(g). What is the units digit of a(r)?
1
Let u(x) = x**3 + 8*x**2 - x - 7. Let s be u(-8). Let k = 12 - s. What is the tens digit of k?
1
Let g(r) = r**2 - 9*r + 4. Let h be g(8). What is the units digit of 57/6 - (-2)/h?
9
Suppose -150 = -0*o - 5*o. What is the tens digit of o?
3
Suppose -u + 39 = d - 63, d - 3*u = 90. What is the units digit of d?
9
Let v(n) = 78*n**2 - n + 6. What is the units digit of v(2)?
6
What is the tens digit of 25 + -15 + (1 - -2)?
1
Let s(v) = 9*v**2 + 7*v. Let r(y) = 5*y**2 + 3*y. Let x(j) = -5*r(j) + 3*s(j). What is the units digit of x(-6)?
6
Suppose 3*y - 8 - 9 = 4*f, 3*y - 5 = -2*f. Suppose y*k + 5*l = 46, k - 2*l = -3*l + 12. Let o = 11 - k. What is the units digit of o?
4
Let g(l) = -l**3 + 7*l**2 - 4*l - 4. What is the tens digit of g(5)?
2
Let d(n) be the first derivative of -n**4/4 - 4*n**3/3 + 3*n + 2. Let p be d(-4). What is the units digit of ((-4)/(-6))/(1/p)?
2
Suppose -j = -3*r - 3, -4*j + 4*r - r = -48. Suppose 2*y - h = 33, 2*h = 5*h + j. Suppose -3*c + u = -37 - 13, -3*u = -c + y. What is the tens digit of c?
1
Suppose -15 = 3*x + 2*s + 4, -5*s - 25 = 0. Let f be -3 - (-3 + x + 3). Let m(b) = b**2 - b + 4. What is the units digit of m(f)?
4
Suppose -a = -0*a. Suppose 3*s - 14 = -p - 5, a = -p - 3. What is the units digit of s?
4
Let x(n) = 4*n + 9. What is the tens digit of x(8)?
4
Let d be 7 + -6 + (1 - -20). Let u = 31 - d. What is the units digit of u?
9
Let x(i) = 6*i**2 + 13*i - 29. What is the tens digit of x(6)?
6
Let b be -1 + (-1)/((-3)/21). Suppose b = 4*x + 2. Let o = 10 - x. What is the units digit of o?
9
Let f = 9 - 5. Let d = f + -8. Let y = d + 6. What is the units digit of y?
2
Suppose 3*k = 85 + 50. Suppose -2*i - k = -3*y, -2*i + 4 + 41 = 3*y. What is the units digit of y?
5
Suppose 107 = 3*g + 5*q, -2*g - 3*q = 2*q - 63. What is the tens digit of g?
4
Let p(g) = g**2 + g - 1. Let a(m) = -m**3 - 7*m**2 + 3*m + 9. Let n(z) = a(z) + p(z). What is the tens digit of n(-7)?
2
Let p(q) = q**3 - 1. Let u(o) = -2*o**3 - 3*o + 4. Let a(x) = 3*p(x) + u(x). What is the units digit of a(2)?
3
Let d(r) = 41*r**3 + 2*r**2 - 4*r - 4. What is the hundreds digit of d(2)?
3
Let s(v) be the second derivative of v + 1/6*v**4 + 0 - 1/2*v**2 + 0*v**3. What is the tens digit of s(3)?
1
Let a(j) = -j**3 + 10*j**2 - 12*j. Let x be a(8). Suppose -3*n = 4*q - 41, 3*q + n + n = x. What is the units digit of q?
4
Suppose -3 = -3*o + 12. What is the tens digit of (6 + o)/(-1 - -2)?
1
Let a(w) = 4*w**2 - 4*w + 8. What is the units digit of a(6)?
8
Let d(y) = y**2 + 3. Let p be d(0). Suppose 135 = -5*t + 5*v, p*v + 0 - 6 = 0. Let u = t + 37. What is the units digit of u?
2
What is the tens digit of 59 - (1/(-2) - 9/(-6))?
5
Suppose 2*s - 2*d - 12 = 0, s + 2*s - 23 = -2*d. Let i(u) = -1 + 2*u - 1 - u. What is the units digit of i(s)?
5
Let b = 313 - 94. What is the hundreds digit of b?
2
Suppose 3 = x, -2*r + r = -5*x + 10. Let n(y) = y + 2*y + 43*y**3 + 1 - 4*y**2 - y**2 - 42*y**3. What is the tens digit of n(r)?
1
Let r = -8 - -13. Suppose -10 - 10 = r*v, 3*f - 80 = 5*v. What is the units digit of f?
0
Let p = -247 - -454. What is the units digit of p?
7
Let g(b) = -2*b**2 - b - 2. Let n(a) = -a**3 + 2*a**2 + 2*a + 3. Let u(o) = 4*g(o) + 3*n(o). What is the tens digit of u(-2)?
1
Let k(y) = y**3 + 17*y**2 + y + 17. Let r be k(-17). What is the units digit of (r - -2)/(0 + 2)?
1
Suppose -36 = -2*o - 3*v, -5 + 17 = 3*v. What is the units digit of o?
2
Let t(y) = -y**2 - 20*y + 25. What is the tens digit of t(-17)?
7
Let y be (-5 - -7) + 1 + -1. Suppose -y*m - 3*m = -50. What is the tens digit of m?
1
Let u = 52 - 15. What is the units digit of u?
7
Suppose c + w = 6, 5*c + 5*w - w - 25 = 0. Suppose -3*v + 0*t = -t + 38, 0 = 5*v - 3*t + 66. What is the tens digit of (v/c)/(-1 - 0)?
1
Suppose 3*u + 3 = 12, 5*q + u - 18 = 0. Suppose -q*m + 5*m - 26 = 0. What is the units digit of m?
3
Let m be (5/3)/(2/6). Let z = -26 + 57. Suppose 9 = m*v - z. What is the units digit of v?
8
Suppose 2*m + 5*v = -2*m + 610, -5*m + 3*v + 781 = 0. What is the units digit of m?
5
Suppose -4*s - 1 = 5*n, -s = 3*n - 0*n + 9. Suppose -j + s = -3. What is the units digit of j?
9
Let g = 10 + 4. What is the tens digit of g?
1
Let w = 1 - -1. Suppose 2*y = 5*r - 10*r + 27, r - 6 = -y. What is the units digit of y*((-48)/w)/(-3)?
8
Suppose 5*d - 486 - 304 = 0. Suppose 2*i - 5 = i, 2*i + d = 4*g. Suppose 0 = -r - 2*o + 6, -g = -2*r - 2*r - 2*o. What is the tens digit of r?
1
Let i(x) = 5*x + 1. Let s(v) = -5 + 3 + 4 + 6*v. Let g(f) = 5*i(f) - 4*s(f). What is the units digit of g(6)?
3
Let l be 2 - 2 - 4/(-2). Suppose -l*f = -3*f + 6. Suppose 0 = -2*m + f*x - 2*x + 10, -4*x + 25 = 3*m. What is the units digit of m?
7
Suppose -2*r - 4 = -4*r. Suppose -3*h - 125 = -3*b - r*b, 0 = -4*b + 3*h + 100. What is the units digit of b?
5
Let a = 8 - -35. What is the tens digit of a?
4
Let v(y) = -29*y - 66. What is the tens digit of v(-17)?
2
Let f be 51/12 + (-2)/8. What is the units digit of (666/24)/(3/f)?
7
Suppose -2*z + 0 = 10. Let o = -11 - z. What is the units digit of 0 - -1 - 1*o?
7
Let y(o) = -2*o + 3*o + 0*o + 2. What is the units digit of y(7)?
9
Let v(b) = -b**2 - b + 20. Let c(w) = w - 3. Let 